 3*y + 15798 = 0, 17*s + 3*y + 21036 = 21*s. What is the thousands digit of s?
5
Let j = 40219 + -32470. What is the hundreds digit of j?
7
Suppose 0 = 46*h - 45*h - 3. Let v(y) = 4*y**2 - 3*y + h - 1 + 4*y**2 - 14. What is the hundreds digit of v(-5)?
2
Let r be (-5)/(-20) - (-1719)/4. Suppose 0 = 3*j - r - 1598. Suppose -2*y = -5*q + q + 548, 5*q + 2*y - j = 0. What is the tens digit of q?
3
Let b = 26392 + -14817. What is the ten thousands digit of b?
1
Let p(a) = a**3 - 15*a**2 - 1. Let t be p(15). Let w be t/(((-6)/(-10))/(-3)). Suppose -5*d + 133 = -4*d + w*r, d + 4*r = 128. What is the hundreds digit of d?
1
Suppose 39*f - 926026 = 463897 + 919033. What is the hundreds digit of f?
2
Let q(n) = n**3 + 14*n**2 + 3*n + 43. Let w be q(-14). Suppose 0 = -3*i + 4*i + w, 5*x - 10 = 5*i. What is the units digit of x?
1
Let m(l) = -l**3 - 4*l**2 + 25*l + 11. Let d be m(-10). Suppose 0 = 4*q + 2*f + 284, -6*q = -q + f + d. Let t = 133 + q. What is the tens digit of t?
6
Let f(s) = -5301*s - 559. What is the thousands digit of f(-4)?
0
Let j(v) = -v**3 + 10*v**2 - 8*v + 15. Suppose g = 3*g - 8. Suppose 4*w + 7 = 3*i, i - g*w = -5 - 6. What is the units digit of j(i)?
4
Let d(b) = 116 - 68 - 10*b + 28*b**2 + b**3 + 0*b**3 + 76. What is the tens digit of d(-27)?
2
Let h(a) = 2*a**3 + 117*a**2 + 49*a + 202. What is the hundreds digit of h(-57)?
1
Let u = -36436 - -52308. What is the tens digit of u?
7
Let u(h) = 308*h**3 + 101*h - 519. What is the tens digit of u(5)?
8
Suppose 3*r = 6*r - 30. Let i(c) = r - 4*c**2 + 2*c**2 + 13*c + 3*c**2 + 0*c**2. What is the units digit of i(-13)?
0
Let i = -9033 + 20682. What is the thousands digit of i?
1
Suppose 0 = -467*k - 478*k + 927*k + 135054. What is the tens digit of k?
0
Let l = 19703 + 24991. What is the units digit of l?
4
Let h(o) = 16*o + 2 + 5 - 19 + 6. Let r be h(2). Let q = 48 + r. What is the tens digit of q?
7
Suppose 3*i - 42187 + 38866 = 0. What is the units digit of i?
7
Suppose -3*l - 6*d + 31 = -d, -2*l - 4*d + 24 = 0. Suppose 0 = 3*w - l*w - 320. What is the units digit of w?
0
Suppose -3*t + 83780 = 5*x + 14271, 5*t + 4*x - 115818 = 0. What is the units digit of t?
8
Let t(l) = -39 - 6*l - 5*l - 6*l. Let g be t(-9). Let d = g + -64. What is the units digit of d?
0
Let h = 1905 - -3464. Suppose 0 = -4*j + h + 275. Suppose -12*l + j = 55. What is the units digit of l?
3
Let u(g) = -g**3 + 16*g**2 - 2*g - 13. Let i be 50/(9 - 4) - 2/(-2). What is the units digit of u(i)?
0
Let x(f) = -3*f + 3*f + f + 108*f**2 + 1. Let b be x(-1). Suppose 77*q = 75*q + b. What is the tens digit of q?
5
Suppose 21*f - 19*f = -2*i + 80674, 0 = i - 2*f - 40337. What is the tens digit of i?
3
Suppose -20 + 115 = 5*p. Suppose 13*m - p*m + 30 = 0. Suppose 6*l - 8*l = 3*i - 173, -l + 54 = -m*i. What is the units digit of l?
9
What is the thousands digit of 4 + (16 + 4)*(306 + -4)?
6
Let g be (-93625)/(-105) + 1/3. Suppose 6*z + g = 4*x + 2*z, z = 4*x - 898. What is the tens digit of x?
2
Let y be 20 - 26 - (1 + -704). Suppose 3*n - 3471 = -5*h - n, h - 2*n = y. What is the hundreds digit of h?
6
Let k = -3 - -10. Let o(t) be the first derivative of 9*t**2/2 + 13*t + 221. What is the tens digit of o(k)?
7
Let l(c) be the third derivative of -c**6/120 + c**5/10 - c**4/4 + c**3/2 - 4*c**2. Let y be l(3). What is the tens digit of (-43)/(-3)*y/1?
7
Let o(n) = n**2 + 107*n + 605. What is the hundreds digit of o(-154)?
8
Let q be (-2)/(-4)*(-68 + -4)*1. What is the units digit of (84/10)/(q/(-810))?
9
Let r = 147 + -51. What is the units digit of 36/r + (-2)/(16/(-3461))?
3
Let w(a) = -15*a**2 + 2*a + 2. Let z(t) = 46*t**2 - 7*t - 6. Let m(y) = -7*w(y) - 2*z(y). Let p be m(2). Suppose 0*c + 2*c = p. What is the tens digit of c?
2
What is the thousands digit of (-1211502)/(-322) - (-6)/(-14)?
3
Suppose -2*j + 288 = 2*t, -346 = -3*t - 2*j + 87. Suppose -t = -2*b - 3*k, -3*b + 222 = 16*k - 13*k. What is the tens digit of b?
7
Suppose 9*u - 32 = u. Let y be 16*(-64)/(-10) - u/10. Suppose -3*k + 283 = 5*i, -2*i + 4*i + 4*k - y = 0. What is the units digit of i?
9
What is the units digit of (-26)/(312/(-180)) - -3365?
0
Suppose -2*o = r - 12, -4*o + 23 = -r - 7. Suppose 2*f = -o*f + 15030. What is the thousands digit of f?
1
Suppose 2*o + 62*o - 1544 - 696 = 0. Let q be (2 + 14)*390/(-8). What is the tens digit of (q/(-91))/(2/o)?
5
What is the tens digit of (-4247334)/(-65) + (-72)/45?
4
Let x(p) = 32*p - 22. Let q be x(10). Let m = -282 + 340. Suppose -60*f + m*f = -q. What is the hundreds digit of f?
1
Suppose 0 = 1131*h - 1074*h - 320967. What is the thousands digit of h?
5
Let r = 2039 - 713. Suppose 3*a + r = 3*v, -3*v + v + 879 = -a. What is the hundreds digit of v?
4
Let m be (-106)/13 - 2/(-13). Let c be ((-26)/4)/(21/(-126)). What is the hundreds digit of (c + -17)*m/(-1)?
1
Suppose -26*j + 202122 = -97164. What is the tens digit of j?
1
Let l(p) = 109*p**3 - 3*p**2 - 27*p + 85. What is the thousands digit of l(5)?
3
Let v(a) = 24*a**2 + 3*a - 22. Let y be v(8). Suppose -5*u + 1823 + 2017 = -4*q, -2*u + y = -2*q. What is the units digit of u?
4
Let n(u) = 5*u + 13. Suppose 5*f - j - 223 - 32 = 0, -2*f + 102 = 4*j. Suppose -2*h - 24 = -2*y, -4*h + f = 4*y - 9*h. What is the units digit of n(y)?
8
Let r(k) = 12*k**2 - 92*k - 34. What is the tens digit of r(16)?
6
Suppose 7*f = -5*v + 3*f + 150, 4*f = 4*v - 120. Suppose 23*l + 4879 = v*l. What is the tens digit of l?
9
Suppose -431*z + 410*z + 85995 = 0. What is the hundreds digit of z?
0
Suppose -5*b + 51791 - 43920 = -182519. What is the units digit of b?
8
Let c(s) = 4*s + 5. Let y = -69 - -63. Let a be c(y). Let q = a + 39. What is the tens digit of q?
2
Let p(s) = 8*s**2 - s - 1. Let b be p(1). What is the tens digit of b*6*(-30)/(-54)?
2
Suppose 136 + 28 = 41*t. Suppose 1917 = t*n + 3*b, -3*b + 282 = 3*n - 1158. What is the tens digit of n?
7
Let k be ((-6)/8 - (-39)/(-12))/(-4). What is the units digit of (-2)/3 - (k + (-6055)/15)?
2
Suppose 0 = 3*j - 6*v + 11*v - 21, -3*j = 2*v - 12. Suppose 3*m - 3298 = 4*r, -8*r + 6*r - 2200 = -j*m. What is the hundreds digit of m?
1
Suppose -10829 = -138*c + 135*c - 4*a, 16 = -4*a. What is the hundreds digit of c?
6
Suppose 0 = 3*h - 136 - 89. Let s = h - 73. Suppose s*b = -3*y + 146, 9*b - 4*b = -y + 352. What is the tens digit of b?
7
What is the thousands digit of (-210)/840*((-2 - 56570) + 0)?
4
Let u(o) be the second derivative of 53*o**5/5 + o**4/12 - o**3/6 + o**2 + 48*o. Let d be u(1). Let c = 309 - d. What is the units digit of c?
5
Suppose -2*n - 3*h + 6 = n, n + 4 = -3*h. Suppose -5*q + v + 41 = -0*q, -n*v = q - 3. Let m = 60 - q. What is the units digit of m?
2
Let y(f) be the second derivative of 7*f**4/12 + 2*f**3 - 31*f**2/2 - 4*f - 21. What is the tens digit of y(5)?
0
Suppose 3*p = -0*p + 4*m + 2378, 3*p - m - 2390 = 0. Suppose 2352 = 2*q + p. What is the hundreds digit of q?
7
Let h(n) = 62*n**3 - 49*n**2 + 56*n + 41. What is the thousands digit of h(10)?
7
Let h(s) = 22*s**2 - 7*s - 34. Let v be h(13). Suppose 0 = 28*r - v - 75. What is the hundreds digit of r?
1
What is the units digit of (256/(-48))/8 + (-476)/(-3)?
8
Let p(z) = -z**3 - z - 8. Suppose 3*g = -0*g. Let n be p(g). Let x(y) = y**3 + 9*y**2 - 4*y - 13. What is the tens digit of x(n)?
8
Let u = 3037 + -5784. Let f = 3927 + u. What is the thousands digit of f?
1
Let n = -28 - -31. Suppose 3*l - 234 = -n*l. Suppose -y + 4*y = l. What is the tens digit of y?
1
Let f be (-10)/(-80) - (-7)/((-112)/738). Let s = -1 - 8. What is the units digit of (-619)/s + f/(-207)?
9
Let w(f) = -2*f - 24. Let y be w(3). What is the hundreds digit of -6 + 240 + y/6?
2
Let m = -2269 + 1239. Let l = -615 - m. What is the tens digit of l?
1
What is the hundreds digit of 2096980/42 - ((-264)/440)/(126/(-20))?
9
Suppose -777392 = 23*q - 135*q. What is the units digit of q?
1
Suppose 1 = 4*b - 3*b - m, -8 = -4*m. Suppose 0 = -2*p + b*p - 5*t - 32, 3*p - 5*t = 46. Suppose 0 = p*d - 4*d - 159. What is the tens digit of d?
5
Let w(h) = 4*h - 1. Let n(o) = -3*o + 2. Let u be (-344)/72 - 2/9. Let b(p) = u*n(p) - 4*w(p). What is the units digit of b(-7)?
1
Let d(r) = -7*r**3 - r**2 + 3*r + 5. Let s be d(-3). Let j = 252 - s. What is the units digit of j?
6
Let g = 199 - 196